{"id":206,"date":"2016-03-03T09:37:15","date_gmt":"2016-03-03T08:37:15","guid":{"rendered":"http:\/\/habitatconfortplus.com\/?page_id=206"},"modified":"2026-01-26T17:06:14","modified_gmt":"2026-01-26T16:06:14","slug":"mentions-legales","status":"publish","type":"page","link":"https:\/\/isolationthermiquedunord.com\/index.php\/contact\/mentions-legales\/","title":{"rendered":"Mentions l\u00e9gales"},"content":{"rendered":"<p><strong>Mentions L\u00e9gales :<\/strong><br \/>\nCe site est \u00e9dit\u00e9 par : Isolation Thermique du Nord \u00a0\u00a0 1 rue Henri Hespel &#8211; 59120 Loos &#8211; France<br \/>\nDirecteur de la Publication : Valon Berisha<br \/>\nResponsable de la r\u00e9daction : Valon Berisha<br \/>\nEbergement du site : OVH &#8211; 2 rue Kellermann &#8211; 59100 Roubaix &#8211; France<br \/>\n<strong><span style=\"text-decoration: underline; color: #36a9e0;\">R\u00e8gles d&rsquo;utilisation<\/span><\/strong><br \/>\nEn acc\u00e9dant \u00e0 ce site l&rsquo;utilisateur s&rsquo;engage \u00e0 se conformer \u00e0 ses conditions d&rsquo;utilisation et d\u00e9clare disposer au pr\u00e9alable d&rsquo;un acc\u00e8s Internet, en conna\u00eetre les r\u00e8gles et les usages, les capacit\u00e9s et performances techniques et disposer de tous mat\u00e9riels et logiciels n\u00e9cessaires \u00e0 la navigation sur Internet.<br \/>\nL&rsquo;utilisateur garantit Isolation Thermique du Nord contre toute utilisation illicite, non conforme et\/ou non autoris\u00e9e des informations accessibles via ce site.<br \/>\nL&rsquo;utilisateur est seul responsable de l&rsquo;utilisation des informations accessibles via ce site qu&rsquo;Isolation Thermique du Nord se r\u00e9serve le droit de modifier \u00e0 tout moment, notamment en actualisant ce site.<br \/>\nIsolation Thermique du Nord se r\u00e9serve le droit de supprimer ou de modifier de plein droit, certaines des fonctionnalit\u00e9s du site, sans pr\u00e9avis ni indemnit\u00e9.<br \/>\nPour rattacher son site internet \u00e0 celui de www.isolationthermiquedunord.com, il doit faire la demande d&rsquo;autorisation par e-mail \u00e0 : contact@isolationthermiquedunord.com<br \/>\n<span style=\"text-decoration: underline;\"><span style=\"color: #3366ff; text-decoration: underline;\"><strong><span style=\"color: #36a9e0; text-decoration: underline;\">L<\/span><span style=\"color: #36a9e0; text-decoration: underline;\">iens hypertextes<\/span><\/strong><\/span><\/span><br \/>\nCr\u00e9ation de liens avec le site :<br \/>\nLes liens hypertextes vers la page d&rsquo;accueil du site sont autoris\u00e9s, apr\u00e8s information du Responsable de la R\u00e9daction.<br \/>\nLes liens profonds, c&rsquo;est-\u00e0-dire vers les autres pages du site, sont soumis \u00e0 l&rsquo;autorisation du Responsable de la R\u00e9daction.<br \/>\n<strong><span style=\"text-decoration: underline; color: #36a9e0;\">Liens vers des tiers<\/span><\/strong><br \/>\nLe site peut proposer des liens vers des sites sur lesquels Isolation Thermique du Nord n&rsquo;exerce aucun contr\u00f4le. Isolation Thermique du Nord d\u00e9gage toute responsabilit\u00e9 quant au contenu de ces sites.<br \/>\n<strong><span style=\"text-decoration: underline; color: #36a9e0;\">Informations nominatives<\/span><\/strong><br \/>\nD&rsquo;une fa\u00e7on g\u00e9n\u00e9rale, l&rsquo;utilisateur peut visiter le site sur Internet sans avoir \u00e0 d\u00e9cliner son identit\u00e9 ou \u00e0 fournir des informations personnelles le concernant.<\/p>\n","protected":false},"excerpt":{"rendered":"<p>Mentions L\u00e9gales : Ce site est \u00e9dit\u00e9 par : Isolation Thermique du Nord \u00a0\u00a0 1 rue Henri Hespel &#8211; 59120 Loos &#8211; France Directeur de la Publication : Valon Berisha Responsable de la r\u00e9daction : Valon Berisha Ebergement du site : OVH &#8211; 2 rue Kellermann &#8211; 59100 Roubaix &#8211; France R\u00e8gles d&rsquo;utilisation En acc\u00e9dant [&hellip;]<\/p>\n","protected":false},"author":1,"featured_media":0,"parent":124,"menu_order":0,"comment_status":"closed","ping_status":"closed","template":"page-templates\/full-width.php","meta":[],"_links":{"self":[{"href":"https:\/\/isolationthermiquedunord.com\/index.php\/wp-json\/wp\/v2\/pages\/206"}],"collection":[{"href":"https:\/\/isolationthermiquedunord.com\/index.php\/wp-json\/wp\/v2\/pages"}],"about":[{"href":"https:\/\/isolationthermiquedunord.com\/index.php\/wp-json\/wp\/v2\/types\/page"}],"author":[{"embeddable":true,"href":"https:\/\/isolationthermiquedunord.com\/index.php\/wp-json\/wp\/v2\/users\/1"}],"replies":[{"embeddable":true,"href":"https:\/\/isolationthermiquedunord.com\/index.php\/wp-json\/wp\/v2\/comments?post=206"}],"version-history":[{"count":8,"href":"https:\/\/isolationthermiquedunord.com\/index.php\/wp-json\/wp\/v2\/pages\/206\/revisions"}],"predecessor-version":[{"id":1018,"href":"https:\/\/isolationthermiquedunord.com\/index.php\/wp-json\/wp\/v2\/pages\/206\/revisions\/1018"}],"up":[{"embeddable":true,"href":"https:\/\/isolationthermiquedunord.com\/index.php\/wp-json\/wp\/v2\/pages\/124"}],"wp:attachment":[{"href":"https:\/\/isolationthermiquedunord.com\/index.php\/wp-json\/wp\/v2\/media?parent=206"}],"curies":[{"name":"wp","href":"https:\/\/api.w.org\/{rel}","templated":true}]}}