{"id":613,"date":"2016-06-20T16:28:42","date_gmt":"2016-06-20T15:28:42","guid":{"rendered":"http:\/\/habitatconfortplus.com\/?page_id=613"},"modified":"2018-02-18T19:23:11","modified_gmt":"2018-02-18T18:23:11","slug":"nos-prestations","status":"publish","type":"page","link":"https:\/\/isolationthermiquedunord.com\/index.php\/nos-prestations\/","title":{"rendered":"NOS PRESTATIONS"},"content":{"rendered":"<div id=\"pl-613\"  class=\"panel-layout\" ><div id=\"pg-613-0\"  class=\"panel-grid panel-no-style\" ><div id=\"pgc-613-0-0\"  class=\"panel-grid-cell\" ><div id=\"panel-613-0-0-0\" class=\"so-panel widget widget_sow-editor panel-first-child panel-last-child\" data-index=\"0\" ><div class=\"so-widget-sow-editor so-widget-sow-editor-base\">\n<div class=\"siteorigin-widget-tinymce textwidget\">\n\t<h2 style=\"text-align: left;\"><strong>Les prestations propos\u00e9es par <span style=\"color: #99cc00;\">Isolation Thermique du Nord<\/span><\/strong><\/h2>\nNotre entreprise qualifi\u00e9e RGE, vous propose un ensemble complet de prestations et plus encore, par l'interm\u00e9diaire de notre r\u00e9seaux d'entreprises partenaires, chacune sp\u00e9cialiste d'un domaine. Nous pouvons r\u00e9aliser l'ensemble des travaux de votre logement en vous proposant un interlocuteur unique qui repr\u00e9sentera toutes les entreprises ; c'est pour vous l'assurance de la tranquillit\u00e9 et d'un travail bien fait.\n\n<\/div>\n<\/div><\/div><\/div><\/div><div id=\"pg-613-1\"  class=\"panel-grid panel-has-style\" ><div class=\"panel-row-style panel-row-style-for-613-1\" ><div id=\"pgc-613-1-0\"  class=\"panel-grid-cell\" ><div id=\"panel-613-1-0-0\" class=\"so-panel widget widget_sow-editor panel-first-child\" data-index=\"1\" ><div class=\"so-widget-sow-editor so-widget-sow-editor-base\">\n<div class=\"siteorigin-widget-tinymce textwidget\">\n\t<h1><strong> L'isolation des combles perdus<br \/>\n<\/strong><\/h1>\n<p style=\"text-align: left;\"><a href=\"http:\/\/isolationthermiquedunord.com\/index.php\/nos-prestations\/isolation-des-combles-perdus\/\" target=\"_blank\" rel=\"noopener\"><img decoding=\"async\" loading=\"lazy\" class=\"alignleft size-full wp-image-678\" src=\"http:\/\/habitatconfortplus.com\/wp-content\/uploads\/2016\/06\/MARCHAND3.jpg\" alt=\"Combles perdus\" width=\"100\" height=\"100\" \/><\/a>A privil\u00e9gier lorsque les combles ne sont pas habit\u00e9s et isoler au plus pr\u00e8s de l'espace chauff\u00e9<\/p>\n<p style=\"text-align: left;\">\u00a0<span style=\"color: #36a9e0;\"><em><strong><a href=\"http:\/\/isolationthermiquedunord.com\/index.php\/nos-prestations\/isolation-des-combles-perdus\/\" target=\"_blank\" rel=\"noopener\">En savoir plus ...<\/a><br \/>\n<\/strong><\/em><\/span><\/p>\n<\/div>\n<\/div><\/div><div id=\"panel-613-1-0-1\" class=\"so-panel widget widget_sow-editor\" data-index=\"2\" ><div class=\"so-widget-sow-editor so-widget-sow-editor-base\">\n<div class=\"siteorigin-widget-tinymce textwidget\">\n\t<h1><strong>Isolation des toitures<\/strong><\/h1>\n<p style=\"text-align: left;\"><a href=\"http:\/\/isolationthermiquedunord.com\/index.php\/nos-prestations\/isolation-des-toitures-terrasse\/\" target=\"_blank\" rel=\"noopener\"><img decoding=\"async\" loading=\"lazy\" class=\"alignleft size-full wp-image-687\" src=\"http:\/\/habitatconfortplus.com\/wp-content\/uploads\/2016\/06\/Toiture-terrasse.jpg\" alt=\"Toiture terrasse\" width=\"100\" height=\"100\" \/><\/a>Isolation des toitures terrasses et toitures plates en passant par l'int\u00e9rieur.<\/p>\n<p style=\"text-align: left;\"><span style=\"color: #36a9e0;\"><em><strong><a href=\"http:\/\/isolationthermiquedunord.com\/index.php\/nos-prestations\/isolation-des-toitures-terrasse\/\" target=\"_blank\" rel=\"noopener\">En savoir plus ...<\/a><br \/>\n<\/strong><\/em><\/span><\/p>\n<\/div>\n<\/div><\/div><div id=\"panel-613-1-0-2\" class=\"so-panel widget widget_sow-editor\" data-index=\"3\" ><div class=\"so-widget-sow-editor so-widget-sow-editor-base\">\n<div class=\"siteorigin-widget-tinymce textwidget\">\n\t<h1><strong>L'isolation des dalles et vide-sanitaire<br \/>\n<\/strong><\/h1>\n<p style=\"text-align: left;\"><a href=\"http:\/\/isolationthermiquedunord.com\/index.php\/nos-prestations\/isolation-des-dalles-et-vide-sanitaire\/\" target=\"_blank\" rel=\"noopener\"><img decoding=\"async\" loading=\"lazy\" class=\"alignleft size-full wp-image-816\" src=\"http:\/\/habitatconfortplus.com\/wp-content\/uploads\/2016\/06\/Plancher-bas-2.jpg\" alt=\"Plancher bas 2\" width=\"100\" height=\"100\" \/><\/a>Pour supprimer la sensation de pied froid...<\/p>\n<p style=\"text-align: left;\"><span style=\"color: #36a9e0;\"><em><strong><a href=\"http:\/\/isolationthermiquedunord.com\/index.php\/nos-prestations\/isolation-des-dalles-et-vide-sanitaire\/\" target=\"_blank\" rel=\"noopener\">En savoir plus ...<\/a><br \/>\n<\/strong><\/em><\/span><\/p>\n<\/div>\n<\/div><\/div><div id=\"panel-613-1-0-3\" class=\"so-panel widget widget_sow-editor panel-last-child\" data-index=\"4\" ><div class=\"so-widget-sow-editor so-widget-sow-editor-base\">\n<div class=\"siteorigin-widget-tinymce textwidget\">\n\t<h1><strong> La peinture<\/strong><\/h1>\n<p style=\"text-align: left;\"><a href=\"http:\/\/isolationthermiquedunord.com\/index.php\/nos-prestations\/la-peinture\/\" target=\"_blank\" rel=\"noopener\"><img decoding=\"async\" loading=\"lazy\" class=\"alignleft size-full wp-image-859\" src=\"http:\/\/habitatconfortplus.com\/wp-content\/uploads\/2016\/06\/Rouleau-peinture.png\" alt=\"Rouleau peinture\" width=\"100\" height=\"100\" \/><\/a>Pr\u00e9paration des surfaces et pose de la peinture et de peinture sans COV.<\/p>\n<p style=\"text-align: left;\"><span style=\"color: #36a9e0;\"><em><strong><a href=\"http:\/\/isolationthermiquedunord.com\/index.php\/nos-prestations\/la-peinture\/\" target=\"_blank\" rel=\"noopener\">En savoir plus ...<\/a><br \/>\n<\/strong><\/em><\/span><\/p>\n<\/div>\n<\/div><\/div><\/div><div id=\"pgc-613-1-1\"  class=\"panel-grid-cell\" ><div id=\"panel-613-1-1-0\" class=\"so-panel widget widget_sow-editor panel-first-child\" data-index=\"5\" ><div class=\"so-widget-sow-editor so-widget-sow-editor-base\">\n<div class=\"siteorigin-widget-tinymce textwidget\">\n\t<h1><strong> Isolation des combles am\u00e9nag\u00e9s<br \/>\n<\/strong><\/h1>\n<p style=\"text-align: left;\"><a href=\"http:\/\/isolationthermiquedunord.com\/index.php\/nos-prestations\/isolation-des-combles-amenageables-ou-amenages\/\" target=\"_blank\" rel=\"noopener\"><img decoding=\"async\" loading=\"lazy\" class=\"alignleft size-full wp-image-672\" src=\"http:\/\/habitatconfortplus.com\/wp-content\/uploads\/2016\/06\/VAILLANT1-1280x768.jpg\" alt=\"Combles am\u00e9nag\u00e9s\" width=\"100\" height=\"100\" \/><\/a>Lorsqu'il est possible de cr\u00e9er un espace suppl\u00e9mentaire ou lorsqu'ils sont d\u00e9j\u00e0 am\u00e9nag\u00e9s.<\/p>\n<p style=\"text-align: left;\"><span style=\"color: #36a9e0;\"><em><strong><a href=\"http:\/\/isolationthermiquedunord.com\/index.php\/nos-prestations\/isolation-des-combles-amenageables-ou-amenages\/\" target=\"_blank\" rel=\"noopener\">En savoir plus ...<\/a><br \/>\n<\/strong><\/em><\/span><\/p>\n<\/div>\n<\/div><\/div><div id=\"panel-613-1-1-1\" class=\"so-panel widget widget_sow-editor\" data-index=\"6\" ><div class=\"so-widget-sow-editor so-widget-sow-editor-base\">\n<div class=\"siteorigin-widget-tinymce textwidget\">\n\t<h1><strong> Isolation des toitures en sarking<\/strong><\/h1>\n<p style=\"text-align: left;\"><a href=\"http:\/\/isolationthermiquedunord.com\/index.php\/nos-prestations\/lisolation-des-toitures-par-lexterieur\/\" target=\"_blank\" rel=\"noopener\"><img decoding=\"async\" loading=\"lazy\" class=\"alignleft size-full wp-image-693\" src=\"http:\/\/habitatconfortplus.com\/wp-content\/uploads\/2016\/06\/VAILLANT6.jpg\" alt=\"Sarkin\" width=\"100\" height=\"100\" \/><\/a>Isolation de la toiture par l'ext\u00e9rieur sans intervenir dans le logement.<\/p>\n<p style=\"text-align: left;\"><span style=\"color: #36a9e0;\"><em><strong><a href=\"http:\/\/isolationthermiquedunord.com\/index.php\/nos-prestations\/lisolation-des-toitures-par-lexterieur\/\" target=\"_blank\" rel=\"noopener\">En savoir plus ...<\/a><br \/>\n<\/strong><\/em><\/span><\/p>\n<\/div>\n<\/div><\/div><div id=\"panel-613-1-1-2\" class=\"so-panel widget widget_sow-editor panel-last-child\" data-index=\"7\" ><div class=\"so-widget-sow-editor so-widget-sow-editor-base\">\n<div class=\"siteorigin-widget-tinymce textwidget\">\n\t<h1><strong>L'\u00e9tanch\u00e9it\u00e9 \u00e0 l'air<\/strong><\/h1>\n<p style=\"text-align: left;\"><a href=\"http:\/\/isolationthermiquedunord.com\/index.php\/nos-prestations\/letancheite-a-lair\/\" target=\"_blank\" rel=\"noopener\"><img decoding=\"async\" loading=\"lazy\" class=\"alignleft size-full wp-image-686\" src=\"http:\/\/habitatconfortplus.com\/wp-content\/uploads\/2016\/06\/Etanch\u00e9it\u00e9.jpg\" alt=\"Etanch\u00e9it\u00e9\" width=\"100\" height=\"100\" \/><\/a>Prot\u00e8ge l'isolant et votre logement et augmente les performances de l'isolant.<\/p>\n<p style=\"text-align: left;\"><span style=\"color: #36a9e0;\"><em><strong><a href=\"http:\/\/isolationthermiquedunord.com\/index.php\/nos-prestations\/letancheite-a-lair\/\" target=\"_blank\" rel=\"noopener\">En savoir plus ...<\/a><br \/>\n<\/strong><\/em><\/span><\/p>\n<\/div>\n<\/div><\/div><\/div><div id=\"pgc-613-1-2\"  class=\"panel-grid-cell\" ><div id=\"panel-613-1-2-0\" class=\"so-panel widget widget_sow-editor panel-first-child\" data-index=\"8\" ><div class=\"so-widget-sow-editor so-widget-sow-editor-base\">\n<div class=\"siteorigin-widget-tinymce textwidget\">\n\t<h1><strong> Isolation des murs par l'int\u00e9rieur<\/strong><\/h1>\n<p style=\"text-align: left;\"><a href=\"http:\/\/isolationthermiquedunord.com\/index.php\/nos-prestations\/isolation-des-murs-par-linterieur\/\" target=\"_blank\" rel=\"noopener\"><img decoding=\"async\" loading=\"lazy\" class=\"alignleft size-full wp-image-670\" src=\"http:\/\/habitatconfortplus.com\/wp-content\/uploads\/2016\/06\/RAMEZ8_2.jpg\" alt=\"Isolation mur par l'int\u00e9rieur\" width=\"100\" height=\"100\" \/><\/a>C'est la m\u00e9thode la plus \u00e9conomique ou lorsque l'isolation par l'ext\u00e9rieur n'est pas possible.<\/p>\n<p style=\"text-align: left;\"><a href=\"http:\/\/isolationthermiquedunord.com\/index.php\/nos-prestations\/isolation-des-murs-par-linterieur\/\" target=\"_blank\" rel=\"noopener\"><span style=\"color: #36a9e0;\"><em><strong> En savoir plus ...<\/strong><\/em><\/span><\/a><\/p>\n<\/div>\n<\/div><\/div><div id=\"panel-613-1-2-1\" class=\"so-panel widget widget_sow-editor\" data-index=\"9\" ><div class=\"so-widget-sow-editor so-widget-sow-editor-base\">\n<div class=\"siteorigin-widget-tinymce textwidget\">\n\t<h1><strong>L'isolation des murs par l'ext\u00e9rieur<\/strong><\/h1>\n<p style=\"text-align: left;\"><a href=\"http:\/\/isolationthermiquedunord.com\/index.php\/nos-prestations\/isolation-des-murs-par-lexterieur\/\" target=\"_blank\" rel=\"noopener\"><img decoding=\"async\" loading=\"lazy\" class=\"alignleft size-full wp-image-676\" src=\"http:\/\/habitatconfortplus.com\/wp-content\/uploads\/2016\/06\/CASTA9-1280x768.jpg\" alt=\"Isolation mur par l'ext\u00e9rieur\" width=\"100\" height=\"100\" \/><\/a>C'est la solution la plus performante car elle limite fortement les ponts thermiques.<\/p>\n<p style=\"text-align: left;\"><span style=\"color: #36a9e0;\"><em><strong><a href=\"http:\/\/isolationthermiquedunord.com\/index.php\/nos-prestations\/isolation-des-murs-par-lexterieur\/\" target=\"_blank\" rel=\"noopener\">En savoir plus ...<\/a><br \/>\n<\/strong><\/em><\/span><\/p>\n<\/div>\n<\/div><\/div><div id=\"panel-613-1-2-2\" class=\"so-panel widget widget_sow-editor panel-last-child\" data-index=\"10\" ><div class=\"so-widget-sow-editor so-widget-sow-editor-base\">\n<div class=\"siteorigin-widget-tinymce textwidget\">\n\t<h1><strong> La pl\u00e2trerie<\/strong><\/h1>\n<p style=\"text-align: left;\"><a href=\"http:\/\/isolationthermiquedunord.com\/index.php\/nos-prestations\/la-platrerie\/\" target=\"_blank\" rel=\"noopener\"><img decoding=\"async\" loading=\"lazy\" class=\"alignleft size-full wp-image-691\" src=\"http:\/\/habitatconfortplus.com\/wp-content\/uploads\/2016\/06\/Pl\u00e2trerie.jpg\" alt=\"Pl\u00e2trerie\" width=\"100\" height=\"100\" \/><\/a>R\u00e9alisation de cloisons,\u00a0 pose de plaques de pl\u00e2tre ou de Fermacell et enduits \u00e0 la terre.<\/p>\n<p style=\"text-align: left;\">\u00a0<span style=\"color: #36a9e0;\"><em><strong><a href=\"http:\/\/isolationthermiquedunord.com\/index.php\/nos-prestations\/la-platrerie\/\" target=\"_blank\" rel=\"noopener\">En savoir plus ...<\/a><br \/>\n<\/strong><\/em><\/span><\/p>\n<\/div>\n<\/div><\/div><\/div><\/div><\/div><div id=\"pg-613-2\"  class=\"panel-grid panel-no-style\" ><div id=\"pgc-613-2-0\"  class=\"panel-grid-cell\" ><div id=\"panel-613-2-0-0\" class=\"so-panel widget widget_sow-editor panel-first-child panel-last-child\" data-index=\"11\" ><div class=\"so-widget-sow-editor so-widget-sow-editor-base\">\n<div class=\"siteorigin-widget-tinymce textwidget\">\n\tTravaux d'isolation \u00e0 Lille et dans la m\u00e9tropole lilloise : Armenti\u00e8res, Roubaix, Tourcoing, Villeneuve d'Ascq, Marcq-en-Baroeul, Lomme, Haubourdin, etc.\n\n<\/div>\n<\/div><\/div><\/div><\/div><\/div>","protected":false},"excerpt":{"rendered":"<p>Les prestations propos\u00e9es par Isolation Thermique du Nord Notre entreprise qualifi\u00e9e RGE, vous propose un ensemble complet de prestations et plus encore, par l&rsquo;interm\u00e9diaire de notre r\u00e9seaux d&rsquo;entreprises partenaires, chacune sp\u00e9cialiste d&rsquo;un domaine. Nous pouvons r\u00e9aliser l&rsquo;ensemble des travaux de votre logement en vous proposant un interlocuteur unique qui repr\u00e9sentera toutes les entreprises ; c&rsquo;est [&hellip;]<\/p>\n","protected":false},"author":1,"featured_media":0,"parent":0,"menu_order":1,"comment_status":"closed","ping_status":"closed","template":"page-templates\/full-width.php","meta":[],"_links":{"self":[{"href":"https:\/\/isolationthermiquedunord.com\/index.php\/wp-json\/wp\/v2\/pages\/613"}],"collection":[{"href":"https:\/\/isolationthermiquedunord.com\/index.php\/wp-json\/wp\/v2\/pages"}],"about":[{"href":"https:\/\/isolationthermiquedunord.com\/index.php\/wp-json\/wp\/v2\/types\/page"}],"author":[{"embeddable":true,"href":"https:\/\/isolationthermiquedunord.com\/index.php\/wp-json\/wp\/v2\/users\/1"}],"replies":[{"embeddable":true,"href":"https:\/\/isolationthermiquedunord.com\/index.php\/wp-json\/wp\/v2\/comments?post=613"}],"version-history":[{"count":63,"href":"https:\/\/isolationthermiquedunord.com\/index.php\/wp-json\/wp\/v2\/pages\/613\/revisions"}],"predecessor-version":[{"id":981,"href":"https:\/\/isolationthermiquedunord.com\/index.php\/wp-json\/wp\/v2\/pages\/613\/revisions\/981"}],"wp:attachment":[{"href":"https:\/\/isolationthermiquedunord.com\/index.php\/wp-json\/wp\/v2\/media?parent=613"}],"curies":[{"name":"wp","href":"https:\/\/api.w.org\/{rel}","templated":true}]}}