{"id":62,"date":"2016-02-23T12:55:01","date_gmt":"2016-02-23T11:55:01","guid":{"rendered":"http:\/\/habitatconfortplus.com\/?page_id=62"},"modified":"2018-02-16T17:36:23","modified_gmt":"2018-02-16T16:36:23","slug":"letancheite-a-lair","status":"publish","type":"page","link":"https:\/\/isolationthermiquedunord.com\/index.php\/page-dacceuil\/comprendre\/letancheite-a-lair\/","title":{"rendered":"L&rsquo;\u00e9tanch\u00e9it\u00e9 \u00e0 l&rsquo;air"},"content":{"rendered":"<div id=\"pl-62\"  class=\"panel-layout\" ><div id=\"pg-62-0\"  class=\"panel-grid panel-no-style\" ><div id=\"pgc-62-0-0\"  class=\"panel-grid-cell\" ><div id=\"panel-62-0-0-0\" class=\"so-panel widget widget_sow-editor panel-first-child panel-last-child\" data-index=\"0\" ><div class=\"so-widget-sow-editor so-widget-sow-editor-base\">\n<div class=\"siteorigin-widget-tinymce textwidget\">\n\t<h1>L'\u00e9tanch\u00e9it\u00e9 \u00e0 l\u2019air<\/h1>\n<p><strong>L\u2019\u00e9tanch\u00e9it\u00e9 \u00e0 l'air est un \u00e9l\u00e9ment indispensable pour garantir la performance.<\/strong><br \/>\n Exemple : un isolant de 14 cm d'\u00e9paisseur sans \u00e9tanch\u00e9it\u00e9 \u00e0 l'air voit son efficacit\u00e9 r\u00e9duite de 50% (source Proclima).<\/p>\n<p>Les isolants \u00e9tant g\u00e9n\u00e9ralement des mat\u00e9riaux peu denses, une grande partie d\u2019entre eux n\u2019opposent que peu de r\u00e9sistance aux flux d\u2019air qui cherchent en permanence \u00e0 les traverser. Cette faiblesse r\u00e9duit consid\u00e9rablement leur pouvoir isolant s\u2019ils ne sont pas mis en \u0153uvre dans des volumes \u00e9tanches \u00e0 l\u2019air (entre deux membranes, par exemple). Il est donc primordial de les enserrer entre deux \u00e9crans parfaitement \u00e9tanches (membranes, plaques de pl\u00e2tre, contreventement, etc.).<\/p>\n<p><strong>Sur leur face int\u00e9rieure<\/strong>, l\u2019\u00e9cran a pour fonction d\u2019emp\u00eacher l\u2019air chaud de traverser l\u2019isolant et d\u2019entrer en contact avec les parties froides ou il perd ses calories. Ce refroidissement entra\u00eene des condensations dans l\u2019isolant qui font chuter les performances et nuisent \u00e0 la durabilit\u00e9 des mat\u00e9riaux et \u00e0 la qualit\u00e9 de l\u2019air int\u00e9rieur.<\/p>\n<p><strong>Sur la face ext\u00e9rieure<\/strong>, l\u2019\u00e9cran a pour fonction d\u2019emp\u00eacher l\u2019air froid de p\u00e9n\u00e9trer dans l\u2019isolant et affaiblisse son pouvoir isolant. L\u2019\u00e9cran emp\u00eache aussi l\u2019entr\u00e9e de la pluie et des rongeurs.<\/p>\n<p>Le <span style=\"color: #99cc00;\"><strong>+<\/strong><\/span> d\u2019<span style=\"color: #99cc00;\"><strong>ISOLATION THERMIQUE DU NORD <\/strong><\/span>: En fonction du type de parois et de l\u2019isolant retenu, nous adaptons le choix du type de membrane ainsi que la m\u00e9thode de pose de l\u2019\u00e9tanch\u00e9it\u00e9 \u00e0 l\u2019air. Nos produits sont issus de fabricants qui sont \u00e0 la pointe de la technologie et qui nous accompagnent pour les situations les plus compliqu\u00e9es gr\u00e2ce \u00e0 leurs comp\u00e9tences techniques et \u00e0 leur assistance\u2026 De plus, toute notre \u00e9quipe de compagnons est form\u00e9e \u00e0 cette technique tr\u00e8s exigeante. C\u2019est pour vous l\u2019assurance d\u2019une performance thermique in\u00e9gal\u00e9e et durable\u00a0dans le temps !<\/p>\n<h1>Pourquoi une \u00e9tanch\u00e9it\u00e9 \u00e0 l'air ?<\/h1>\n<h2>Lutter contre la ventilation de l\u2019isolant\u00a0:<\/h2>\n<p>Parce que tout isolant fibreux est sensible au courant d\u2019air et \u00e0 l\u2019humidit\u00e9. Pour \u00e9viter toute circulation d\u2019air dans l\u2019isolant, on l\u2019enserre entre deux couches emp\u00eachant tout mouvement d\u2019air. A l\u2019int\u00e9rieur du logement, on pose, de mani\u00e8re continue, une membrane frein-vapeur ou pare-vapeur (en fonction du type d\u2019isolant) qui est coll\u00e9e en p\u00e9riph\u00e9rie de mani\u00e8re tr\u00e8s pr\u00e9cise et soign\u00e9e. C\u00f4t\u00e9 ext\u00e9rieur, dans le cas d\u2019une toiture, on pose une membrane pare-pluie qui emp\u00eache l\u2019entr\u00e9e du vent et permet une \u00e9tanch\u00e9it\u00e9 \u00e0 l\u2019eau.<\/p>\n<h2>Limiter les entr\u00e9es d\u2019air parasites\u00a0:<\/h2>\n<p>La bonne ventilation du logement est primordiale, en particulier, lors de la pose de menuiseries performantes et de l\u2019isolation. Cependant, ces entr\u00e9es d\u2019air doivent \u00eatre contr\u00f4l\u00e9e afin d\u2019assurer un bon fonctionnement des VMC et, en particulier, celui des double-flux.<\/p>\n<h2>G\u00e9rer la migration de la vapeur d\u2019eau\u00a0:<\/h2>\n<p>Par diff\u00e9rence de pression entre l\u2019int\u00e9rieur et l\u2019ext\u00e9rieur du b\u00e2timent, la vapeur d\u2019eau tente de s\u2019\u00e9chapper vers l\u2019ext\u00e9rieur (en hiver) ou de rentrer dans le b\u00e2timent (en \u00e9t\u00e9)\u00a0; elle traverse l\u2019isolant puis la paroi avant de s\u2019\u00e9chapper vers l\u2019ext\u00e9rieur\u00a0; l\u2019\u00e9t\u00e9, le mouvement s\u2019inverse. Si la vapeur d\u2019eau ne peut s\u2019\u00e9chapper vers l\u2019ext\u00e9rieur (paroi \u00e9tanche) et dans le cas d\u2019une isolation par l\u2019int\u00e9rieur, l\u2019isolant au contact de cette paroi s\u2019humidifie (notion de point de ros\u00e9e). Outre le risque important de moisissure les performances thermiques chutent fortement.<\/p>\n<h1>Les diff\u00e9rents types de membrane :<\/h1>\n<h2>La membrane <strong>pare-vapeur :<\/strong><\/h2>\n<p>Elle emp\u00eache tout passage de vapeur d\u2019eau vers l\u2019ext\u00e9rieur (en hiver) qui du coup reste dans le b\u00e2timent\u00a0; cela n\u00e9cessite une ventilation performante pour \u00e9vacuer cet exc\u00e8s d\u2019humidit\u00e9. En \u00e9t\u00e9, il n\u2019y a pas de retour possible.<\/p>\n<h2>La membrane <strong>frein-vapeur :<\/strong><\/h2>\n<p>Elle permet le passage d\u2019une partie de la vapeur d\u2019eau, sur l\u2019ensemble de sa surface, qui traverse alors l\u2019isolant (uniquement sur les isolants naturels) puis qui s\u2019\u00e9vacue au travers de la paroi. Certains frein-vapeurs dits hygrovariables ont la capacit\u00e9 de se dilater en fonction des saisons et ainsi permettre un passage de la vapeur d\u2019eau dans les deux sens.<\/p>\n<h2>La membrane pare-pluie :<\/h2>\n<p>Elle est utilis\u00e9e pour prot\u00e9ger les isolants des intemp\u00e9ries ext\u00e9rieures (vents et pluie) et l'entr\u00e9e des rongeurs et insectes. Elle est utilis\u00e9e principalement en toiture et en cas d'isolation des murs par l'ext\u00e9rieur.<\/p>\n<\/div>\n<\/div><\/div><\/div><div id=\"pgc-62-0-1\"  class=\"panel-grid-cell\" ><div id=\"panel-62-0-1-0\" class=\"so-panel widget widget_sow-button panel-first-child\" data-index=\"1\" ><div class=\"so-widget-sow-button so-widget-sow-button-flat-81aad9103f71\"><div class=\"ow-button-base ow-button-align-center\">\n\t<a href=\"#\" class=\"ow-icon-placement-left\" target=\"_blank\" rel=\"noopener noreferrer\" \t\t>\n\t\t<span>\n\t\t\t\n\t\t\tDemander un devis\t\t<\/span>\n\t<\/a>\n<\/div>\n<\/div><\/div><div id=\"panel-62-0-1-1\" class=\"so-panel widget widget_sow-image\" data-index=\"2\" ><div class=\"so-widget-sow-image so-widget-sow-image-default-eef982a7180b\">\n\n<div class=\"sow-image-container\">\n\t<img src=\"https:\/\/isolationthermiquedunord.com\/wp-content\/uploads\/2016\/02\/RGE-e1456930050619.png\" width=\"95\" height=\"51\" sizes=\"(max-width: 95px) 100vw, 95px\" title=\"RGE\" alt=\"Tout savoir sur la qualification RGE\" \t\tclass=\"so-widget-image\"\/>\n<\/div>\n\n<\/div><\/div><div id=\"panel-62-0-1-2\" class=\"so-panel widget widget_sow-image\" data-index=\"3\" ><div class=\"so-widget-sow-image so-widget-sow-image-default-eef982a7180b\">\n\n<div class=\"sow-image-container\">\n\t<img src=\"https:\/\/isolationthermiquedunord.com\/wp-content\/uploads\/2016\/03\/Pros.png\" width=\"107\" height=\"70\" sizes=\"(max-width: 107px) 100vw, 107px\" \t\tclass=\"so-widget-image\"\/>\n<\/div>\n\n<\/div><\/div><div id=\"panel-62-0-1-3\" class=\"so-panel widget widget_sow-image panel-last-child\" data-index=\"4\" ><div class=\"so-widget-sow-image so-widget-sow-image-default-642c5433d908\">\n\n<div class=\"sow-image-container\">\n<a href=\"http:\/\/www.qualibat.com\/\" target=\"_blank\" rel=\"noopener noreferrer\" >\t<img src=\"https:\/\/isolationthermiquedunord.com\/wp-content\/uploads\/2016\/06\/qualibat-rge3.png\" width=\"90\" height=\"109\" sizes=\"(max-width: 90px) 100vw, 90px\" alt=\"Acc\u00e8s au site Qualibat\" \t\tclass=\"so-widget-image\"\/>\n<\/a><\/div>\n\n<\/div><\/div><\/div><\/div><\/div>","protected":false},"excerpt":{"rendered":"<p>L&rsquo;\u00e9tanch\u00e9it\u00e9 \u00e0 l\u2019air L\u2019\u00e9tanch\u00e9it\u00e9 \u00e0 l&rsquo;air est un \u00e9l\u00e9ment indispensable pour garantir la performance. Exemple : un isolant de 14 cm d&rsquo;\u00e9paisseur sans \u00e9tanch\u00e9it\u00e9 \u00e0 l&rsquo;air voit son efficacit\u00e9 r\u00e9duite de 50% (source Proclima). Les isolants \u00e9tant g\u00e9n\u00e9ralement des mat\u00e9riaux peu denses, une grande partie d\u2019entre eux n\u2019opposent que peu de r\u00e9sistance aux flux d\u2019air [&hellip;]<\/p>\n","protected":false},"author":1,"featured_media":0,"parent":699,"menu_order":5,"comment_status":"closed","ping_status":"closed","template":"page-templates\/full-width.php","meta":[],"_links":{"self":[{"href":"https:\/\/isolationthermiquedunord.com\/index.php\/wp-json\/wp\/v2\/pages\/62"}],"collection":[{"href":"https:\/\/isolationthermiquedunord.com\/index.php\/wp-json\/wp\/v2\/pages"}],"about":[{"href":"https:\/\/isolationthermiquedunord.com\/index.php\/wp-json\/wp\/v2\/types\/page"}],"author":[{"embeddable":true,"href":"https:\/\/isolationthermiquedunord.com\/index.php\/wp-json\/wp\/v2\/users\/1"}],"replies":[{"embeddable":true,"href":"https:\/\/isolationthermiquedunord.com\/index.php\/wp-json\/wp\/v2\/comments?post=62"}],"version-history":[{"count":25,"href":"https:\/\/isolationthermiquedunord.com\/index.php\/wp-json\/wp\/v2\/pages\/62\/revisions"}],"predecessor-version":[{"id":892,"href":"https:\/\/isolationthermiquedunord.com\/index.php\/wp-json\/wp\/v2\/pages\/62\/revisions\/892"}],"up":[{"embeddable":true,"href":"https:\/\/isolationthermiquedunord.com\/index.php\/wp-json\/wp\/v2\/pages\/699"}],"wp:attachment":[{"href":"https:\/\/isolationthermiquedunord.com\/index.php\/wp-json\/wp\/v2\/media?parent=62"}],"curies":[{"name":"wp","href":"https:\/\/api.w.org\/{rel}","templated":true}]}}