{"id":699,"date":"2016-06-08T18:14:36","date_gmt":"2016-06-08T17:14:36","guid":{"rendered":"http:\/\/habitatconfortplus.com\/?page_id=699"},"modified":"2018-02-16T17:27:01","modified_gmt":"2018-02-16T16:27:01","slug":"comprendre","status":"publish","type":"page","link":"https:\/\/isolationthermiquedunord.com\/index.php\/page-dacceuil\/comprendre\/","title":{"rendered":"Comprendre"},"content":{"rendered":"<div id=\"pl-699\"  class=\"panel-layout\" ><div id=\"pg-699-0\"  class=\"panel-grid panel-has-style\" ><div class=\"siteorigin-panels-stretch panel-row-style panel-row-style-for-699-0\" data-stretch-type=\"full\" ><div id=\"pgc-699-0-0\"  class=\"panel-grid-cell\" ><div id=\"panel-699-0-0-0\" class=\"so-panel widget widget_sow-editor panel-first-child panel-last-child\" data-index=\"0\" ><div class=\"so-widget-sow-editor so-widget-sow-editor-base\">\n<div class=\"siteorigin-widget-tinymce textwidget\">\n\t<p><span style=\"color: #99cc00;\"><strong>Isolation Thermique du Nord<\/strong><\/span>, vous propose de comprendre les principes de l'isolation en lisant ces quelques lignes :<\/p>\n<p><a href=\"http:\/\/habitatconfortplus.com\/index.php\/page-dacceuil\/pourquoi-isoler\/\">Pourquoi isoler ?<\/a><\/p>\n<p><a href=\"http:\/\/habitatconfortplus.com\/index.php\/page-dacceuil\/les-deperditions\/\">Les d\u00e9perditions<\/a><\/p>\n<p><a href=\"http:\/\/habitatconfortplus.com\/index.php\/page-dacceuil\/ou-isoler\/\">O\u00f9 isoler ?<\/a><\/p>\n<p><a href=\"http:\/\/habitatconfortplus.com\/index.php\/page-dacceuil\/par-linterieur-par-lexterieur\/\">Par l'ext\u00e9rieur, par l'int\u00e9rieur ?<\/a><\/p>\n<p><a href=\"http:\/\/habitatconfortplus.com\/index.php\/page-dacceuil\/letancheite-a-lair\/\">L'\u00e9tanch\u00e9it\u00e9 \u00e0 l'air<\/a><\/p>\n<\/div>\n<\/div><\/div><\/div><div id=\"pgc-699-0-1\"  class=\"panel-grid-cell\" ><div id=\"panel-699-0-1-0\" class=\"so-panel widget widget_sow-button panel-first-child\" data-index=\"1\" ><div class=\"panel-widget-style panel-widget-style-for-699-0-1-0\" ><div class=\"so-widget-sow-button so-widget-sow-button-flat-81aad9103f71\"><div class=\"ow-button-base ow-button-align-center\">\n\t<a href=\"https:\/\/isolationthermiquedunord.com\/index.php\/contact\/\" class=\"ow-icon-placement-left\" target=\"_blank\" rel=\"noopener noreferrer\" \t\t>\n\t\t<span>\n\t\t\t\n\t\t\tDemander un devis\t\t<\/span>\n\t<\/a>\n<\/div>\n<\/div><\/div><\/div><div id=\"panel-699-0-1-1\" class=\"so-panel widget widget_sow-image\" data-index=\"2\" ><div class=\"so-widget-sow-image so-widget-sow-image-default-eef982a7180b\">\n\n<div class=\"sow-image-container\">\n<a href=\"http:\/\/www.performance-energetique.lebatiment.fr\/\" target=\"_blank\" rel=\"noopener noreferrer\" >\t<img src=\"https:\/\/isolationthermiquedunord.com\/wp-content\/uploads\/2016\/02\/RGE-e1456930050619.png\" width=\"95\" height=\"51\" sizes=\"(max-width: 95px) 100vw, 95px\" title=\"RGE\" alt=\"Tout savoir sur les Pros de la performance \u00e9nerg\u00e9tique\" \t\tclass=\"so-widget-image\"\/>\n<\/a><\/div>\n\n<\/div><\/div><div id=\"panel-699-0-1-2\" class=\"so-panel widget widget_sow-image\" data-index=\"3\" ><div class=\"so-widget-sow-image so-widget-sow-image-default-642c5433d908\">\n\n<div class=\"sow-image-container\">\n<a href=\"http:\/\/renovation-info-service.gouv.fr\/\" target=\"_blank\" rel=\"noopener noreferrer\" >\t<img src=\"https:\/\/isolationthermiquedunord.com\/wp-content\/uploads\/2016\/03\/Pros.png\" width=\"107\" height=\"70\" sizes=\"(max-width: 107px) 100vw, 107px\" alt=\"Acc\u00e8s au site Les Pros de la performance \u00e9nerg\u00e9tique\" \t\tclass=\"so-widget-image\"\/>\n<\/a><\/div>\n\n<\/div><\/div><div id=\"panel-699-0-1-3\" class=\"so-panel widget widget_sow-image panel-last-child\" data-index=\"4\" ><div class=\"so-widget-sow-image so-widget-sow-image-default-642c5433d908\">\n\n<div class=\"sow-image-container\">\n<a href=\"http:\/\/www.qualibat.com\/\" target=\"_blank\" rel=\"noopener noreferrer\" >\t<img src=\"https:\/\/isolationthermiquedunord.com\/wp-content\/uploads\/2016\/06\/qualibat-rge3.png\" width=\"90\" height=\"109\" sizes=\"(max-width: 90px) 100vw, 90px\" alt=\"Acc\u00e8s au site Qualibat\" \t\tclass=\"so-widget-image\"\/>\n<\/a><\/div>\n\n<\/div><\/div><\/div><\/div><\/div><\/div>","protected":false},"excerpt":{"rendered":"<p>Isolation Thermique du Nord, vous propose de comprendre les principes de l&rsquo;isolation en lisant ces quelques lignes : Pourquoi isoler ? Les d\u00e9perditions O\u00f9 isoler ? Par l&rsquo;ext\u00e9rieur, par l&rsquo;int\u00e9rieur ? L&rsquo;\u00e9tanch\u00e9it\u00e9 \u00e0 l&rsquo;air Demander un devis<\/p>\n","protected":false},"author":1,"featured_media":0,"parent":82,"menu_order":1,"comment_status":"closed","ping_status":"closed","template":"page-templates\/full-width.php","meta":[],"_links":{"self":[{"href":"https:\/\/isolationthermiquedunord.com\/index.php\/wp-json\/wp\/v2\/pages\/699"}],"collection":[{"href":"https:\/\/isolationthermiquedunord.com\/index.php\/wp-json\/wp\/v2\/pages"}],"about":[{"href":"https:\/\/isolationthermiquedunord.com\/index.php\/wp-json\/wp\/v2\/types\/page"}],"author":[{"embeddable":true,"href":"https:\/\/isolationthermiquedunord.com\/index.php\/wp-json\/wp\/v2\/users\/1"}],"replies":[{"embeddable":true,"href":"https:\/\/isolationthermiquedunord.com\/index.php\/wp-json\/wp\/v2\/comments?post=699"}],"version-history":[{"count":11,"href":"https:\/\/isolationthermiquedunord.com\/index.php\/wp-json\/wp\/v2\/pages\/699\/revisions"}],"predecessor-version":[{"id":890,"href":"https:\/\/isolationthermiquedunord.com\/index.php\/wp-json\/wp\/v2\/pages\/699\/revisions\/890"}],"up":[{"embeddable":true,"href":"https:\/\/isolationthermiquedunord.com\/index.php\/wp-json\/wp\/v2\/pages\/82"}],"wp:attachment":[{"href":"https:\/\/isolationthermiquedunord.com\/index.php\/wp-json\/wp\/v2\/media?parent=699"}],"curies":[{"name":"wp","href":"https:\/\/api.w.org\/{rel}","templated":true}]}}